r of 76 and i?
19
Suppose -83*n - 13312 = -113*n - 178*n. What is the highest common divisor of n and 544?
32
Let y(r) = 16*r - 664. Let d be y(42). Let z be (4 + 0)/((-4)/10). Let m = d - z. What is the highest common divisor of 27 and m?
9
Let j be ((-2704)/130 - -22)/((-6)/(-40)). What is the highest common divisor of j and 488?
8
Let d = 76 + -76. Suppose d = 3*g + g - 40. Suppose -160 = -26*k + g*k. Calculate the highest common divisor of 25 and k.
5
Suppose 7*z - 4200 = 14*z - 19*z. What is the greatest common factor of z and 182?
14
Let z = -35 + 61. Let w(s) = 7*s**3 - 35*s**2 + s - 5. Let m be w(5). Let j = m + 130. Calculate the highest common divisor of j and z.
26
Suppose -w + 1168 = 1126. Let g be (-54 - 0)/(w/(-28)). What is the highest common divisor of 117 and g?
9
Let l(t) = 142*t + 15751. Let a be l(-108). Calculate the highest common divisor of a and 13612.
83
Suppose -b - c + 3 = 0, -3*b + b = c - 3. Suppose b = h - 6*h + 20. Suppose 174*p = 149*p + 250. What is the greatest common factor of p and h?
2
Let d = -176 + 60. Suppose -434 = 13*l - 6*l. Let z = l - d. Calculate the highest common divisor of 6 and z.
6
Suppose h - 1706 = 5*z, 2005*h + 2*z + 6788 = 2009*h. Calculate the highest common factor of h and 8.
8
Let r be 20/(16/(1920/50)). What is the highest common divisor of r and 162?
6
Let a = -814 - -882. Calculate the highest common divisor of a and 153.
17
Suppose -2*x = -h + 4, 0*x = -4*h - 2*x + 16. Let c be h - (-66)/(14/7). Calculate the greatest common factor of 37 and c.
37
Let k be 12/48 - (-231)/4. Suppose -2*f + 1218 = f. Calculate the greatest common factor of f and k.
58
Let y = -22 + 28. Let s be y/30 - (-194)/5. Let z be ((-2)/6)/(13/(-507)). What is the greatest common factor of z and s?
13
Suppose -90170 + 352082 = 24*g. What is the greatest common factor of g and 7?
7
Suppose d - 2*r - 183 = 151, 656 = 2*d - r. Suppose d = 4*u + 150. Let n be 133/3 - (-2)/(-6). What is the highest common factor of n and u?
44
Let x(v) = 3*v**2 - 2*v - 31. Let m be x(-8). Suppose 3*a + 2*t - m = 0, t - 52 = -a + 8. Calculate the greatest common factor of 38 and a.
19
Let y = 905728 + -905572. Suppose 2*f + 12 = a + a, -1 = -4*f - a. Let u = 51 - f. Calculate the greatest common divisor of u and y.
52
Suppose -23*w = -22778 + 17622 - 68099. Calculate the greatest common factor of w and 26.
13
Suppose q - 20*r + 12*r = 0, 0 = -q + 2*r + 66. Suppose -49 = -i - 13. What is the greatest common divisor of q and i?
4
Let l(a) = -15*a + 1. Let q be l(-9). Suppose -q = -2*c - 0*c - 2*p, -4*c + 268 = 5*p. Let s = -54 + c. Calculate the greatest common divisor of s and 18.
18
Let g(j) = j**2 - 9*j - 13. Let f = 330 - 314. Let h be g(f). Calculate the greatest common factor of h and 9.
9
Let o be ((-2632)/10528)/((-2)/432). Suppose j + b + 57 = 219, 3*j = -5*b + 486. Calculate the highest common factor of j and o.
54
Suppose 18*b - 22*b = 3*v + 2673, 4*b = -v - 891. Let a = -467 - v. Calculate the highest common factor of 16 and a.
8
Let k(s) = 4*s**3 - 38*s**2 - 8*s + 8. Let j be k(10). Let o = -104 + j. Calculate the greatest common factor of o and 152.
8
Suppose -50*z + 468 = -44*z. Suppose 4*y - 4*p - 192 = 0, y = -5*p - 0*p + 72. Calculate the highest common factor of y and z.
26
Suppose -81 = f - 201. Let j(z) = -z + 6. Let q be j(8). Let i(t) = 4*t**2 - 10*t - 21. Let p be i(q). Calculate the greatest common divisor of f and p.
15
Let j = 2748 - 764. Calculate the greatest common divisor of 62 and j.
62
Let p = -716 + 720. Suppose 4*l + l = 3*i - 507, p*i = 3*l + 665. What is the greatest common factor of 410 and i?
82
Let t be (-3 - 25/(-10))*24. Let x(p) = p + 13. Let o be x(t). Let z be o/(-5)*(-10)/4*42. What is the greatest common divisor of z and 21?
21
Let d = 546 - 540. Let r be (-4 - (-5 + -9)) + -2. Calculate the highest common factor of d and r.
2
Let o(y) = -y**2 - 10*y + 28. Let a be o(-12). Suppose -a*l = 3*w - 1137 + 387, 4*l - 5*w = 766. What is the greatest common divisor of 63 and l?
63
Let u = -5229 - -5301. Calculate the highest common factor of u and 171.
9
Let w(t) = -107*t - 955. Let h be w(-9). Calculate the greatest common divisor of h and 6088.
8
Let d be (-12)/9 + 1 - (-3180)/(-18). Let n = -163 - d. What is the highest common divisor of 126 and n?
14
Let m(k) = k**2 - k + 2. Let r(g) = 5*g**3 + g**2 - 8*g + 4. Let j(p) = 4*m(p) - r(p). Let o be j(-2). Calculate the greatest common divisor of o and 48.
48
Let f(y) = 2*y**3 - 104*y**2 + 104*y - 94. Let q be f(51). What is the highest common divisor of 272 and q?
8
Let i = 1996 - -367. Calculate the greatest common factor of 34 and i.
17
Let i(k) = 121*k + 872. Let b be i(5). Calculate the highest common factor of b and 14.
7
Let j = 75 + -77. Let k be 81 + (-15)/(j + -3). What is the greatest common factor of 63 and k?
21
Suppose -56 - 12 = -4*s. Suppose 9*q = -2*x + 12*q + 389, -486 = -3*x - 15*q. What is the greatest common divisor of s and x?
17
Let j(u) = -u**3 + 9*u**2 + 27*u - 23. Let i be j(11). Let f = -2 + i. Calculate the highest common factor of f and 3.
3
Let w(d) = -3*d**3 + 154*d**2 - 41*d - 142. Let p be w(51). Calculate the greatest common factor of p and 69.
23
Suppose -403 - 75 = -32*i + 994. What is the highest common divisor of i and 5?
1
Let k(l) = -39*l - 10. Let m be k(11). Let i = -406 - m. What is the highest common divisor of 1551 and i?
33
Let o = -3522 + 3608. What is the greatest common divisor of o and 1849?
43
Let x be 29 - ((-15)/12)/((-11)/(-44)). Suppose -4*f - 5*r + 136 = 0, 21*f - 5*r = 20*f + x. What is the highest common factor of f and 323?
17
Suppose -4*s - 2 = 2*h + 6, h = -4*s - 4. Let w(b) = 5*b + 17. Let z be w(s). Calculate the greatest common factor of 289 and z.
17
Let h = -36525 + 61410. Calculate the greatest common factor of 15 and h.
15
Suppose -3*r = -4*t + 309 - 206, -t + 42 = -4*r. Calculate the highest common divisor of t and 114.
2
Let o(q) = 9*q**2 + 19*q + 19. Let s(b) = 22*b**2 + 39*b + 37. Let r(g) = -5*o(g) + 2*s(g). Let v be r(-13). Calculate the greatest common factor of 465 and v.
31
Suppose 2913 = -41*a + 10457. What is the highest common divisor of 128 and a?
8
Let o(b) = 122*b - 567. Let p be o(25). Calculate the highest common factor of 13 and p.
13
Let i = 87 - -95. Let o(c) = 15*c**2 - 3*c - 2. Let p be o(2). Calculate the highest common factor of i and p.
26
Suppose -9*g - 61*g + 18848 = 54*g. What is the greatest common factor of g and 209?
19
Let f(c) = 2*c + c - 6 + 2 - 5*c. Let y be f(-5). Let u(w) = 4*w - 32. Let d be u(14). Calculate the greatest common divisor of d and y.
6
Let p = -5067 + 7290. Calculate the greatest common divisor of p and 38.
19
Let k be (33*(-6)/(-15))/((-1497)/(-139720)). Let b be (-2 - -1)*-14 - -2. What is the highest common factor of k and b?
16
Let k = -36 + 46. Let u = 214 + -104. Calculate the greatest common divisor of u and k.
10
Let d(z) = 23*z**2 + 25*z - 123. Let f be d(4). What is the highest common factor of f and 230?
115
Suppose 0 = -14*o + 18*o - 2088. Let h = o - 223. What is the highest common divisor of 23 and h?
23
Let z(n) = -4*n + 4 - 1 - 11 - 11 + 3. Suppose -5*j = 4*q + 61, -2*q - 8 = -2*j + 18. Let f be z(q). Calculate the highest common factor of 120 and f.
40
Suppose 0 = -18*h + 20*h + k - 11853, -4*h + 23736 = -4*k. Calculate the highest common divisor of h and 33.
11
Let g = -2929 - -3085. What is the greatest common factor of 429 and g?
39
Suppose u - 54 = 10*u. Let s be u/(-2) - (-18)/6. Suppose s*n - 131 - 31 = 0. What is the highest common divisor of n and 36?
9
Suppose 0 = -3*g - 17 + 5, 0 = 2*s + 3*g - 80. What is the greatest common factor of s and 2714?
46
Let r(u) = -42*u + 987. Let v be r(23). Calculate the greatest common factor of 623 and v.
7
Let v = -19745 + 25465. What is the highest common factor of v and 176?
88
Suppose 2*o - 3*t - 201 = -2*t, 207 = 2*o + 5*t. Suppose 20*m - o + 1 = 0. What is the highest common divisor of 65 and m?
5
Suppose 918*y + 6120 = 461*y + 475*y. What is the greatest common divisor of y and 1598?
34
Suppose 4*f + 11402 = 2*q, -3*q - 23*f = -19*f - 17123. Calculate the highest common divisor of 35 and q.
35
Let q(k) = -883*k - 2771. Let o be q(-5). Calculate the greatest co